{"id":128,"date":"2016-10-29T22:07:50","date_gmt":"2016-10-30T00:07:50","guid":{"rendered":"http:\/\/cristianoandradeseguros.com.br\/blog\/?page_id=128"},"modified":"2022-03-04T10:41:17","modified_gmt":"2022-03-04T13:41:17","slug":"termos-de-uso","status":"publish","type":"page","link":"https:\/\/cristianoandradeseguros.com.br\/blog\/termos-de-uso\/","title":{"rendered":"Termos de Uso"},"content":{"rendered":"<p class=\"estimated-read-time\">Tempo de leitura:<small> 7 minutos<\/small><\/p> <p><strong>Termos de Uso Cristiano Andrade Seguros \u00ae<\/strong><\/p>\n<p>O site Cristiano Andrade Seguros \u00ae \u00e9 um servi\u00e7o interativo oferecido por meio de p\u00e1gina eletr\u00f4nica na internet que oferece informa\u00e7\u00f5es sobre neg\u00f3cios, cultura e servi\u00e7os entre outros a partir da integra\u00e7\u00e3o de diversas fontes de informa\u00e7\u00e3o. O acesso ao ristiano Andrade Seguros \u00ae representa a aceita\u00e7\u00e3o expressa e irrestrita dos termos de uso abaixo descritos. Se voc\u00ea n\u00e3o concorda com os termos, por favor, n\u00e3o acesse nem utilize este website.<\/p>\n<p>O visitante poder\u00e1 usar este site apenas para finalidades l\u00edcitas. Este espa\u00e7o n\u00e3o poder\u00e1 ser utilizado para para publicar, enviar, distribuir ou divulgar conte\u00fados ou informa\u00e7\u00e3o de car\u00e1ter difamat\u00f3rio, obsceno ou il\u00edcito, inclusive informa\u00e7\u00f5es de propriedade exclusiva pertencentes a outras pessoas ou empresas, bem como marcas registradas ou informa\u00e7\u00f5es protegidas por direitos autorais, sem a expressa autoriza\u00e7\u00e3o do detentor desses direitos. Ainda, o visitante n\u00e3o poder\u00e1 usar o Cristiano Andrade Seguros \u00ae para obter ou divulgar informa\u00e7\u00f5es pessoais, inclusive endere\u00e7os na Internet, sobre os usu\u00e1rios do site.<\/p>\n<p>O Cristiano Andrade Seguros \u00ae empenha-se em manter a qualidade, atualidade e autenticidade das informa\u00e7\u00f5es do site, mas seus criadores e colaboradores n\u00e3o se responsabilizam por eventuais falhas nos servi\u00e7os ou inexatid\u00e3o das informa\u00e7\u00f5es oferecidas. O usu\u00e1rio n\u00e3o deve ter como pressuposto que tais servi\u00e7os e informa\u00e7\u00f5es s\u00e3o isentos de erros ou ser\u00e3o adequados aos seus objetivos particulares. Os criadores e colaboradores tampouco assumem o compromisso de atualizar as informa\u00e7\u00f5es, e reservam-se o direito de alterar as condi\u00e7\u00f5es de uso ou pre\u00e7os dos servi\u00e7os e produtos oferecidos no site a qualquer momento.<\/p>\n<p>O acesso ao Cristiano Andrade Seguros \u00ae \u00e9 gratuito. O Cristiano Andrade Seguros \u00ae poder\u00e1 criar \u00e1reas de acesso exclusivo aos seus clientes ou para terceiros especialmente autorizados.<\/p>\n<p>Os criadores e colaboradores do Cristiano Andrade Seguros \u00ae poder\u00e3o a seu exclusivo crit\u00e9rio e em qualquer tempo, modificar ou desativar o site, bem como limitar, cancelar ou suspender seu uso ou o acesso. Tamb\u00e9m estes Termos de Uso poder\u00e3o ser alterados a qualquer tempo. Visite regularmente esta p\u00e1gina e consulte\u00a0 os Termos ent\u00e3o vigentes. Algumas disposi\u00e7\u00f5es destes Termos podem ser substitu\u00eddas por termos ou avisos legais expressos localizados em determinadas p\u00e1ginas deste site.<\/p>\n<p><strong>Erros e falhas<\/strong><br \/>\nOs documentos, informa\u00e7\u00f5es, imagens e gr\u00e1ficos publicados neste site podem conter imprecis\u00f5es t\u00e9cnicas ou erros tipogr\u00e1ficos. Em nenhuma hip\u00f3tese o Cristiano Andrade Seguros \u00ae e\/ou seus respectivos fornecedores ser\u00e3o respons\u00e1veis por qualquer dano direto ou indireto decorrente da impossibilidade de uso, perda de dados ou lucros, resultante do acesso e desempenho do site, dos servi\u00e7os oferecidos ou de informa\u00e7\u00f5es dispon\u00edveis neste site. O acesso aos servi\u00e7os, materiais, informa\u00e7\u00f5es e facilidades contidas neste website n\u00e3o garante a sua qualidade.<\/p>\n<p><strong>Limita\u00e7\u00e3o da responsabilidade<\/strong><br \/>\nOs materiais s\u00e3o fornecidos neste website sem nenhuma garantia expl\u00edcita ou impl\u00edcita de comercializa\u00e7\u00e3o ou adequa\u00e7\u00e3o a qualquer objetivo espec\u00edfico. Em nenhum caso o Cristiano Andrade Seguros \u00ae ou os seus colaboradores ser\u00e3o responsabilizados por quaisquer danos, incluindo lucros cessantes, interrup\u00e7\u00e3o de neg\u00f3cio, ou perda de informa\u00e7\u00e3o que resultem do uso ou da incapacidade de usar os materiais. O Cristiano Andrade Seguros \u00ae n\u00e3o garante a precis\u00e3o ou integridade das informa\u00e7\u00f5es, textos, gr\u00e1ficos, links e outros itens dos materiais.<br \/>\nO Cristiano Andrade Seguros \u00ae n\u00e3o se responsabiliza pelo conte\u00fado dos artigos e informa\u00e7\u00f5es aqui publicadas, uma vez que os textos s\u00e3o de autoria de terceiros e n\u00e3o traduzem, necessariamente, a opini\u00e3o do website.<br \/>\nO Cristiano Andrade Seguros \u00ae tampouco \u00e9 respons\u00e1vel pela viola\u00e7\u00e3o de direitos autorais decorrente de informa\u00e7\u00f5es, documentos e materiais publicados neste website, comprometendo-se a retir\u00e1-los do ar assim que notificado da infra\u00e7\u00e3o.<\/p>\n<p><strong>Informa\u00e7\u00f5es enviadas pelos usu\u00e1rios e colaboradores<\/strong><br \/>\nQualquer material, informa\u00e7\u00e3o, artigos ou outras comunica\u00e7\u00f5es que forem transmitidas, enviadas\u00a0 ou publicadas neste site ser\u00e3o considerados informa\u00e7\u00e3o n\u00e3o confidencial, e qualquer viola\u00e7\u00e3o aos direitos dos seus criadores n\u00e3o ser\u00e1 de responsabilidade do Cristiano Andrade Seguros \u00ae.\u00a0\u00c9 terminantemente proibido transmitir, trocar ou publicar, atrav\u00e9s deste website, qualquer material de cunho obsceno, difamat\u00f3rio ou ilegal, bem como textos ou cria\u00e7\u00f5es de terceiros sem a autoriza\u00e7\u00e3o do autor. O Cristiano Andrade Seguros \u00ae reserva-se o direito de restringir o acesso \u00e0s informa\u00e7\u00f5es enviadas por terceiros aos seus usu\u00e1rios.<br \/>\nO Cristiano Andrade Seguros \u00ae poder\u00e1, mas n\u00e3o \u00e9 obrigado, a monitorar, revistar e restringir o acesso a qualquer \u00e1rea no site onde usu\u00e1rios transmitem e trocam informa\u00e7\u00f5es entre si, incluindo, mas n\u00e3o limitado a, salas de chat, centro de mensagens ou outros f\u00f3runs de debates, podendo retirar do ar ou retirar o acesso a qualquer destas informa\u00e7\u00f5es ou comunica\u00e7\u00f5es.\u00a0 Por\u00e9m, o Cristiano Andrade Seguros \u00ae n\u00e3o \u00e9 respons\u00e1vel pelo conte\u00fado de qualquer uma das informa\u00e7\u00f5es trocadas entre os usu\u00e1rios, sejam elas l\u00edcitas ou il\u00edcitas.<\/p>\n<p><strong>Links para sites de terceiros<\/strong><br \/>\nOs sites apontados n\u00e3o est\u00e3o sob o controle do Cristiano Andrade Seguros \u00aeque n\u00e3o \u00e9 respons\u00e1vel pelo conte\u00fado de qualquer outro website indicado ou acessado por meio do Cristiano Andrade Seguros \u00ae reserva-se o direito de eliminar qualquer link ou direcionamento a outros sites ou servi\u00e7os a qualquer momento. O Cristiano Andrade Seguros \u00ae n\u00e3o endossa firmas ou produtos indicados, acessados ou divulgados atrav\u00e9s deste website, tampouco pelos an\u00fancios aqui publicados, reservando-se o direito de publicar este alerta em suas p\u00e1ginas eletr\u00f4nicas sempre que considerar necess\u00e1rio.<\/p>\n<p><strong>Direitos autorais e propriedade intelectual<\/strong><br \/>\nOs documentos, conte\u00fados e cria\u00e7\u00f5es contidos neste website pertencem aos seus criadores e colaboradores. A autoria dos conte\u00fado, material e imagens exibidos no Cristiano Andrade Seguros \u00ae \u00e9 protegida por leis nacionais e internacionais. N\u00e3o podem ser copiados, reproduzidos, modificados, publicados, atualizados, postados, transmitidos ou distribu\u00eddos de qualquer maneira sem autoriza\u00e7\u00e3o pr\u00e9via e por escrito do Cristiano Andrade Seguros \u00ae.<br \/>\nAs imagens contidas neste website s\u00e3o aqui incorporadas apenas para fins de visualiza\u00e7\u00e3o, e, salvo autoriza\u00e7\u00e3o expressa por escrito, n\u00e3o podem ser gravadas ou baixadas via download. A reprodu\u00e7\u00e3o ou armazenamento de materiais recuperados a partir deste servi\u00e7o sujeitar\u00e1 os infratores \u00e0s penas da lei.<br \/>\nO nome do site (Cristiano Andrade Seguros \u00ae) , seu logotipo, o nome de dom\u00ednio para acesso na Internet, bem como todos os elementos caracter\u00edsticos da tecnologia desenvolvida e aqui apresentada, sob a forma da articula\u00e7\u00e3o de bases de dados, constituem marcas registradas e propriedades intelectuais privadas e todos os direitos decorrentes de seu registro s\u00e3o assegurados por lei. Alguns direitos de uso podem ser cedidos por Cristiano Andrade Seguros \u00ae em contrato ou licen\u00e7a especial, que pode ser cancelada a qualquer momento se n\u00e3o cumpridos os seus termos.<br \/>\nAs marcas registradas do \u2026 s\u00f3 podem ser usadas publicamente com autoriza\u00e7\u00e3o expressa. O uso destas marcas registradas em publicidade e promo\u00e7\u00e3o de produtos deve ser adequadamente informado.<\/p>\n<p><strong>Reclama\u00e7\u00f5es sobre viola\u00e7\u00e3o de direitos autorais<\/strong><br \/>\nO Cristiano Andrade Seguros \u00ae respeita a propriedade intelectual de outras pessoas ou empresas e solicitamos aos nossos membros que fa\u00e7am o mesmo. Toda e qualquer viola\u00e7\u00e3o de direitos autorais dever\u00e1 ser notificada a Cristiano Andrade Seguros \u00ae e acompanhada dos documentos e informa\u00e7\u00f5es que confirmam a autoria. A notifica\u00e7\u00e3o poder\u00e1 ser enviada pelos e-mails constantes no site.<\/p>\n<p><strong>Leis aplic\u00e1veis<\/strong><br \/>\nEste site \u00e9 controlado e operado pelo Cristiano Andrade Seguros \u00ae a partir de seu escrit\u00f3rio na cidade de Santo Andr\u00e9\u00a0estado de\u00a0S\u00e3o Paulo\u00a0e n\u00e3o garante que o conte\u00fado ou materiais estejam dispon\u00edveis para uso em outras localidades. Seu acesso \u00e9 proibido em territ\u00f3rios onde o conte\u00fado seja considerado ilegal. Aqueles que optarem por acessar este site a partir de outras localidades o far\u00e3o por iniciativa pr\u00f3pria e ser\u00e3o respons\u00e1veis pelo cumprimento das leis locais aplic\u00e1veis. Os materiais n\u00e3o dever\u00e3o ser usados ou exportados em descumprimento das leis brasileiras sobre exporta\u00e7\u00e3o. Qualquer pend\u00eancia com rela\u00e7\u00e3o aos materiais ser\u00e1 dirimida pelas leis brasileiras.<br \/>\nO acesso ao Cristiano Andrade Seguros \u00ae representa a aceita\u00e7\u00e3o expressa e irrestrita dos termos de uso acima descritos.<\/p>\n","protected":false},"excerpt":{"rendered":"<p><small> 7 minutos<\/small> Termos de Uso Cristiano Andrade Seguros \u00ae O site Cristiano Andrade Seguros \u00ae \u00e9 um servi\u00e7o interativo oferecido por meio de p\u00e1gina eletr\u00f4nica na internet que oferece informa\u00e7\u00f5es sobre neg\u00f3cios, cultura e servi\u00e7os entre outros a partir da integra\u00e7\u00e3o de diversas fontes de informa\u00e7\u00e3o. O acesso ao ristiano Andrade Seguros \u00ae representa a aceita\u00e7\u00e3o expressa e irrestrita dos termos de uso abaixo descritos. Se voc\u00ea n\u00e3o concorda com os termos, por favor, n\u00e3o acesse nem utilize este website. O visitante poder\u00e1 usar <a href=\"https:\/\/cristianoandradeseguros.com.br\/blog\/termos-de-uso\/\" class=\"more-link\"><span>Continue lendo<\/span>\u2192<\/a><\/p>\n","protected":false},"author":1,"featured_media":0,"parent":0,"menu_order":0,"comment_status":"closed","ping_status":"closed","template":"","meta":{"_joinchat":[],"footnotes":""},"class_list":["entry","author-cristianoanadrade7","post-128","page","type-page","status-publish"],"yoast_head":"<!-- This site is optimized with the Yoast SEO plugin v27.4 - https:\/\/yoast.com\/product\/yoast-seo-wordpress\/ -->\n<title>Termos de Uso<\/title>\n<meta name=\"robots\" content=\"index, follow, max-snippet:-1, max-image-preview:large, max-video-preview:-1\" \/>\n<link rel=\"canonical\" href=\"https:\/\/cristianoandradeseguros.com.br\/blog\/termos-de-uso\/\" \/>\n<meta property=\"og:locale\" content=\"pt_BR\" \/>\n<meta property=\"og:type\" content=\"article\" \/>\n<meta property=\"og:title\" content=\"Termos de Uso\" \/>\n<meta property=\"og:description\" content=\"7 minutos Termos de Uso Cristiano Andrade Seguros \u00ae O site Cristiano Andrade Seguros \u00ae \u00e9 um servi\u00e7o interativo oferecido por meio de p\u00e1gina eletr\u00f4nica na internet que oferece informa\u00e7\u00f5es sobre neg\u00f3cios, cultura e servi\u00e7os entre outros a partir da integra\u00e7\u00e3o de diversas fontes de informa\u00e7\u00e3o. O acesso ao ristiano Andrade Seguros \u00ae representa a aceita\u00e7\u00e3o expressa e irrestrita dos termos de uso abaixo descritos. Se voc\u00ea n\u00e3o concorda com os termos, por favor, n\u00e3o acesse nem utilize este website. O visitante poder\u00e1 usar Continue lendo\u2192\" \/>\n<meta property=\"og:url\" content=\"https:\/\/cristianoandradeseguros.com.br\/blog\/termos-de-uso\/\" \/>\n<meta property=\"og:site_name\" content=\"Cristiano Andrade Seguros | Planos de Sa\u00fade e Cons\u00f3rcio - ABC Paulista\" \/>\n<meta property=\"article:modified_time\" content=\"2022-03-04T13:41:17+00:00\" \/>\n<meta name=\"twitter:card\" content=\"summary_large_image\" \/>\n<meta name=\"twitter:site\" content=\"@contato_seguros\" \/>\n<meta name=\"twitter:label1\" content=\"Est. tempo de leitura\" \/>\n\t<meta name=\"twitter:data1\" content=\"7 minutos\" \/>\n<!-- \/ Yoast SEO plugin. -->","yoast_head_json":{"title":"Termos de Uso","robots":{"index":"index","follow":"follow","max-snippet":"max-snippet:-1","max-image-preview":"max-image-preview:large","max-video-preview":"max-video-preview:-1"},"canonical":"https:\/\/cristianoandradeseguros.com.br\/blog\/termos-de-uso\/","og_locale":"pt_BR","og_type":"article","og_title":"Termos de Uso","og_description":"7 minutos Termos de Uso Cristiano Andrade Seguros \u00ae O site Cristiano Andrade Seguros \u00ae \u00e9 um servi\u00e7o interativo oferecido por meio de p\u00e1gina eletr\u00f4nica na internet que oferece informa\u00e7\u00f5es sobre neg\u00f3cios, cultura e servi\u00e7os entre outros a partir da integra\u00e7\u00e3o de diversas fontes de informa\u00e7\u00e3o. O acesso ao ristiano Andrade Seguros \u00ae representa a aceita\u00e7\u00e3o expressa e irrestrita dos termos de uso abaixo descritos. Se voc\u00ea n\u00e3o concorda com os termos, por favor, n\u00e3o acesse nem utilize este website. O visitante poder\u00e1 usar Continue lendo\u2192","og_url":"https:\/\/cristianoandradeseguros.com.br\/blog\/termos-de-uso\/","og_site_name":"Cristiano Andrade Seguros | Planos de Sa\u00fade e Cons\u00f3rcio - ABC Paulista","article_modified_time":"2022-03-04T13:41:17+00:00","twitter_card":"summary_large_image","twitter_site":"@contato_seguros","twitter_misc":{"Est. tempo de leitura":"7 minutos"},"schema":{"@context":"https:\/\/schema.org","@graph":[{"@type":"WebPage","@id":"https:\/\/cristianoandradeseguros.com.br\/blog\/termos-de-uso\/","url":"https:\/\/cristianoandradeseguros.com.br\/blog\/termos-de-uso\/","name":"Termos de Uso","isPartOf":{"@id":"https:\/\/cristianoandradeseguros.com.br\/blog\/#website"},"datePublished":"2016-10-30T00:07:50+00:00","dateModified":"2022-03-04T13:41:17+00:00","inLanguage":"pt-BR","potentialAction":[{"@type":"ReadAction","target":["https:\/\/cristianoandradeseguros.com.br\/blog\/termos-de-uso\/"]}]},{"@type":"WebSite","@id":"https:\/\/cristianoandradeseguros.com.br\/blog\/#website","url":"https:\/\/cristianoandradeseguros.com.br\/blog\/","name":"Cristiano Andrade Seguros | Planos de Sa\u00fade e Cons\u00f3rcio - ABC Paulista","description":"Corretora de Cons\u00f3rcios, Planos de Sa\u00fade e Seguros com atendimento especializado para proteger e expandir seu patrim\u00f4nio.","publisher":{"@id":"https:\/\/cristianoandradeseguros.com.br\/blog\/#\/schema\/person\/393100fb6e8d1a834e6fa74969a6d886"},"potentialAction":[{"@type":"SearchAction","target":{"@type":"EntryPoint","urlTemplate":"https:\/\/cristianoandradeseguros.com.br\/blog\/?s={search_term_string}"},"query-input":{"@type":"PropertyValueSpecification","valueRequired":true,"valueName":"search_term_string"}}],"inLanguage":"pt-BR"},{"@type":["Person","Organization"],"@id":"https:\/\/cristianoandradeseguros.com.br\/blog\/#\/schema\/person\/393100fb6e8d1a834e6fa74969a6d886","name":"Cristiano Andrade","image":{"@type":"ImageObject","inLanguage":"pt-BR","@id":"https:\/\/cristianoandradeseguros.com.br\/blog\/wp-content\/uploads\/2025\/11\/cristiano-andrade-corretora-de-seguros-consorcio-planos-de-saude-abc-paulista-edited.jpeg","url":"https:\/\/cristianoandradeseguros.com.br\/blog\/wp-content\/uploads\/2025\/11\/cristiano-andrade-corretora-de-seguros-consorcio-planos-de-saude-abc-paulista-edited.jpeg","contentUrl":"https:\/\/cristianoandradeseguros.com.br\/blog\/wp-content\/uploads\/2025\/11\/cristiano-andrade-corretora-de-seguros-consorcio-planos-de-saude-abc-paulista-edited.jpeg","width":768,"height":1024,"caption":"Cristiano Andrade"},"logo":{"@id":"https:\/\/cristianoandradeseguros.com.br\/blog\/wp-content\/uploads\/2025\/11\/cristiano-andrade-corretora-de-seguros-consorcio-planos-de-saude-abc-paulista-edited.jpeg"},"description":"Atuando na Administra\u00e7\u00e3o e Comercializa\u00e7\u00e3o de Seguros desde 1996, formado no ano de 2000 no 1\u00ba Curso de Habilita\u00e7\u00e3o para Corretores de Seguros, ministrado pela FUNENSEG (Funda\u00e7\u00e3o Escola Nacional de Seguros) e Tecn\u00f3logo em Gest\u00e3o de Marketing pela Faculdade Est\u00e1cio de S\u00e1 em 2014. Com mais de 25 anos de experi\u00eancia na \u00e1rea comercial, gest\u00e3o de pessoas, gerenciamento de grupos de neg\u00f3cios e treinamento corporativo.","sameAs":["http:\/\/www.cristianoandradeseguros.com.br"]}]}},"_links":{"self":[{"href":"https:\/\/cristianoandradeseguros.com.br\/blog\/wp-json\/wp\/v2\/pages\/128","targetHints":{"allow":["GET"]}}],"collection":[{"href":"https:\/\/cristianoandradeseguros.com.br\/blog\/wp-json\/wp\/v2\/pages"}],"about":[{"href":"https:\/\/cristianoandradeseguros.com.br\/blog\/wp-json\/wp\/v2\/types\/page"}],"author":[{"embeddable":true,"href":"https:\/\/cristianoandradeseguros.com.br\/blog\/wp-json\/wp\/v2\/users\/1"}],"replies":[{"embeddable":true,"href":"https:\/\/cristianoandradeseguros.com.br\/blog\/wp-json\/wp\/v2\/comments?post=128"}],"version-history":[{"count":2,"href":"https:\/\/cristianoandradeseguros.com.br\/blog\/wp-json\/wp\/v2\/pages\/128\/revisions"}],"predecessor-version":[{"id":861,"href":"https:\/\/cristianoandradeseguros.com.br\/blog\/wp-json\/wp\/v2\/pages\/128\/revisions\/861"}],"wp:attachment":[{"href":"https:\/\/cristianoandradeseguros.com.br\/blog\/wp-json\/wp\/v2\/media?parent=128"}],"curies":[{"name":"wp","href":"https:\/\/api.w.org\/{rel}","templated":true}]}}